70 is divided by 652.
6
Calculate the remainder when 32591 is divided by 97.
96
What is the remainder when 18412 is divided by 307?
299
Calculate the remainder when 1027 is divided by 129.
124
What is the remainder when 224597 is divided by 607?
7
What is the remainder when 703 is divided by 29?
7
What is the remainder when 6484353 is divided by 205?
203
What is the remainder when 41220 is divided by 8?
4
Calculate the remainder when 47270 is divided by 23634.
2
What is the remainder when 73538 is divided by 73536?
2
Calculate the remainder when 146 is divided by 12.
2
What is the remainder when 185010 is divided by 267?
246
Calculate the remainder when 2820 is divided by 9.
3
Calculate the remainder when 233203 is divided by 19.
16
What is the remainder when 10959 is divided by 14?
11
Calculate the remainder when 133408 is divided by 36.
28
Calculate the remainder when 243391 is divided by 142.
3
Calculate the remainder when 553 is divided by 41.
20
What is the remainder when 16890 is divided by 84?
6
Calculate the remainder when 22154 is divided by 10779.
596
Calculate the remainder when 6739 is divided by 12.
7
What is the remainder when 5075 is divided by 399?
287
What is the remainder when 1465369 is divided by 163?
162
What is the remainder when 45121 is divided by 15035?
16
Calculate the remainder when 31616 is divided by 427.
18
Calculate the remainder when 5160 is divided by 368.
8
Calculate the remainder when 18393 is divided by 613.
3
Calculate the remainder when 18817 is divided by 2687.
8
What is the remainder when 52414 is divided by 256?
190
Calculate the remainder when 9636 is divided by 937.
266
What is the remainder when 166877 is divided by 912?
893
What is the remainder when 111772 is divided by 180?
172
Calculate the remainder when 180828 is divided by 180825.
3
What is the remainder when 4332 is divided by 2160?
12
What is the remainder when 823 is divided by 195?
43
Calculate the remainder when 30766 is divided by 592.
574
What is the remainder when 19153 is divided by 233?
47
Calculate the remainder when 101516 is divided by 64.
12
What is the remainder when 1874789 is divided by 37?
36
What is the remainder when 4314 is divided by 238?
30
What is the remainder when 2101448 is divided by 610?
608
Calculate the remainder when 80521 is divided by 82.
79
What is the remainder when 431518 is divided by 15?
13
Calculate the remainder when 265739 is divided by 309.
308
Calculate the remainder when 11320 is divided by 12.
4
Calculate the remainder when 15068 is divided by 1876.
60
Calculate the remainder when 11851 is divided by 1201.
1042
Calculate the remainder when 18139 is divided by 56.
51
Calculate the remainder when 272266 is divided by 2047.
15
Calculate the remainder when 18581 is divided by 79.
16
Calculate the remainder when 104941 is divided by 20987.
6
Calculate the remainder when 25612 is divided by 25589.
23
Calculate the remainder when 12411 is divided by 3095.
31
Calculate the remainder when 477089 is divided by 342.
341
What is the remainder when 4468 is divided by 114?
22
What is the remainder when 215470 is divided by 107734?
2
What is the remainder when 1062 is divided by 497?
68
What is the remainder when 2535 is divided by 67?
56
Calculate the remainder when 23878 is divided by 2386.
18
Calculate the remainder when 5065 is divided by 48.
25
Calculate the remainder when 117896 is divided by 506.
504
Calculate the remainder when 2535524 is divided by 885.
884
What is the remainder when 8025 is divided by 2480?
585
What is the remainder when 32009 is divided by 138?
131
What is the remainder when 2024515 is divided by 24?
19
Calculate the remainder when 3606 is divided by 720.
6
What is the remainder when 517916 is divided by 130?
126
What is the remainder when 556230 is divided by 65?
25
What is the remainder when 50955 is divided by 30?
15
Calculate the remainder when 80017 is divided by 1601.
1568
What is the remainder when 23346 is divided by 636?
450
Calculate the remainder when 486044 is divided by 154.
20
What is the remainder when 10911 is divided by 8?
7
Calculate the remainder when 7324 is divided by 426.
82
Calculate the remainder when 3291382 is divided by 17.
12
What is the remainder when 8465 is divided by 1196?
93
Calculate the remainder when 2493 is divided by 70.
43
Calculate the remainder when 31057 is divided by 96.
49
What is the remainder when 1407461 is divided by 2592?
5
Calculate the remainder when 27370 is divided by 652.
638
What is the remainder when 4679 is divided by 915?
104
Calculate the remainder when 37595 is divided by 288.
155
What is the remainder when 19545 is divided by 79?
32
Calculate the remainder when 4941 is divided by 56.
13
Calculate the remainder when 114564 is divided by 285.
279
What is the remainder when 1566859 is divided by 432?
427
Calculate the remainder when 1687957 is divided by 94.
93
What is the remainder when 4590 is divided by 112?
110
What is the remainder when 44194 is divided by 22091?
12
Calculate the remainder when 1100 is divided by 134.
28
Calculate the remainder when 111 is divided by 25.
11
What is the remainder when 22921 is divided by 22?
19
Calculate the remainder when 522 is divided by 254.
14
Calculate the remainder when 49465 is divided by 58.
49
Calculate the remainder when 3088 is divided by 49.
1
What is the remainder when 52020 is divided by 130?
20
Calculate the remainder when 261731 is divided by 45.
11
What is the remainder when 29340 is divided by 131?
127
What is the remainder when 146126 is divided by 146117?
9
Calculate the remainder when 486448 is divided by 345.
343
Calculate the remainder when 362613 is divided by 804.
9
What is the remainder when 20143 is divided by 2232?
55
Calculate the remainder when 16433 is divided by 119.
11
What is the remainder when 384 is divided by 4?
0
What is the remainder when 7430 is divided by 1632?
902
What is the remainder when 937 is divided by 129?
34
Calculate the remainder when 410 is divided by 68.
2
What is the remainder when 13278 is divided by 949?
941
Calculate the remainder when 2132 is divided by 37.
23
What is the remainder when 1399 is divided by 323?
107
What is the remainder when 2073 is divided by 227?
30
Calculate the remainder when 56184 is divided by 10.
4
Calculate the remainder when 859 is divided by 3.
1
What is the remainder when 44818 is divided by 411?
19
Calculate the remainder when 106052 is divided by 26.
24
What is the remainder when 8898 is divided by 370?
18
Calculate the remainder when 3677 is divided by 428.
253
Calculate the remainder when 81776 is divided by 8177.
6
Calculate the remainder when 56414 is divided by 4694.
86
What is the remainder when 13938 is divided by 13932?
6
What is the remainder when 19253 is divided by 9563?
127
Calculate the remainder when 3134 is divided by 121.
109
What is the remainder when 63718 is divided by 923?
31
What is the remainder when 35083 is divided by 347?
36
What is the remainder when 97518 is divided by 123?
102
Calculate the remainder when 46854 is divided by 5856.
6
What is the remainder when 3437 is divided by 1?
0
What is the remainder when 14055 is divided by 2335?
45
Calculate the remainder when 9043 is divided by 863.
413
What is the remainder when 2935 is divided by 940?
115
What is the remainder when 3899613 is divided by 185?
183
Calculate the remainder when 29274 is divided by 9740.
54
Calculate the remainder when 306593 is divided by 20439.
8
Calculate the remainder when 26207 is divided by 21.
20
What is the remainder when 386214 is divided by 184?
182
Calculate the remainder when 218565 is divided by 2634.
2577
Calculate the remainder when 72164 is divided by 18004.
148
Calculate the remainder when 145127 is divided by 4.
3
What is the remainder when 12351 is divided by 966?
759
What is the remainder when 822 is divided by 46?
40
What is the remainder when 1455834 is divided by 108?
102
Calculate the remainder when 60750 is divided by 176.
30
What is the remainder when 569 is divided by 15?
14
Calculate the remainder when 2963087 is divided by 2905.
2892
What is the remainder when 631182 is divided by 103?
101
What is the remainder when 150879 is divided by 20?
19
Calculate the remainder when 